s digit of q?
5
Suppose 6 + 4 = 5*h. Suppose -y - h = -4*b, 4*b + 3*y = b - 6. Suppose -p + 170 = 2*g + p, 3*g + 2*p - 260 = b. What is the units digit of g?
0
Let n be 10/(-4) - -1 - 84/(-24). Let s be n*(2 + -1)/(-2). What is the hundreds digit of 111 + -3 + (s + 0)*-2?
1
Suppose 3*u + 19 = 2*s, 3*u = -s - s - 11. Suppose 0 = 12*l + s*l - 448. What is the units digit of l?
2
Suppose -2*y - 2*k + 12 = 0, -3*y + 3*k = -7*y + 23. Suppose 2*i - 902 = 3*g, 1384 = 4*i - y*g - 420. What is the hundreds digit of i?
4
Let r(d) = -2*d**3 - 11*d**2 + 4*d + 2. Let p be r(-8). Let h = -134 + p. What is the units digit of h?
6
Let p(x) = 3*x + 35. Let n be p(-10). Suppose n*t + 138 - 18 = 0. Let q = t + 74. What is the tens digit of q?
5
Suppose -4*b + 3*g = -13284, 4*g + 3671 = 3*b - 6292. What is the thousands digit of b?
3
Let u = 1296 - 198. Let s = u + -709. What is the hundreds digit of s?
3
Suppose 13*h - 15*h = 6, 4*h - 9816 = -2*b. What is the units digit of b?
4
Let b(i) = 35*i**3 + 4*i**2 + 60*i - 408. What is the tens digit of b(6)?
5
Suppose -4*y - 2*l = -12630, -3*l + 5210 = 3*y - 4255. What is the units digit of (8/5)/(8/y) - -4?
6
Let d(g) = g**2 + 11*g + 52. Let f be d(-8). Suppose 3*s + 1811 = 5*w, f*s + 2 = 27*s. What is the tens digit of w?
6
Suppose 4*k + v = 2*v + 15, 0 = -4*k + 4*v + 12. Suppose -k*p + 6 = -p. Suppose -p*m - m - l = -267, 2*m - 195 = 5*l. What is the units digit of m?
0
Suppose 7*f - 260 = -6*f. Suppose d = 4*v + f, -3*v = -4*d - 7*v - 20. What is the units digit of (2*-1)/((-2 - d)/1)?
1
Suppose 91*h = 37*h + 1803546. What is the ten thousands digit of h?
3
Let g(o) be the second derivative of -o**4/12 - 2*o**3/3 + o**2 + 11*o. Let l be g(0). What is the tens digit of -4 + (0 + l)/(2/239)?
3
Suppose 10 = 3*n + 2*y, 5*y + 0 = 25. Suppose h - 17 - 6 = n. What is the units digit of h?
3
Let g(s) = 40*s**3 - 27*s**2 + 14*s + 13. What is the thousands digit of g(10)?
7
Suppose 0 = 4*j - 5*l - 42895, -83*l = -4*j - 82*l + 42899. What is the thousands digit of j?
0
Let m(v) = -v**3 + 16*v**2 - 9*v + 37. Let g be m(15). Let y = g + -301. Let p = 277 + y. What is the hundreds digit of p?
1
Suppose 3*t - 52 - 8 = 0. Suppose 2*i - 6 = t. Suppose b - i = 27. What is the tens digit of b?
4
Let j(l) = -l**3 - 2*l**2 + 17*l - 2. Let v(k) = 3*k**3 + 2*k**2 - 37*k + 5. Let h(q) = 7*j(q) + 3*v(q). Suppose 1 = a - 3. What is the tens digit of h(a)?
3
Suppose 0 = -8*v + 284 - 36. Let i(q) = -q**2 + 65*q - 117. What is the tens digit of i(v)?
3
Suppose 0 = -340*j - 324680 + 9023240. What is the ten thousands digit of j?
2
Let p(q) = -q**3 - 12*q**2 - 5*q + 16. Let f(k) = -2*k**3 - 23*k**2 - 11*k + 32. Let a(x) = 3*f(x) - 5*p(x). Let r = -8 + -1. What is the tens digit of a(r)?
8
Suppose d - 5*d + 12 = -3*h, -5*h = 5*d + 20. Suppose 0 = -y - 8 + 9, d = 2*z + y - 1059. What is the hundreds digit of z?
5
Let z(m) = 2*m**3 + 2*m**2 + 5*m - 13. Let t be z(3). Let f = 420 + t. What is the hundreds digit of f?
4
Let k(o) = 32*o**3 - 3*o**2 + 81*o - 244. What is the thousands digit of k(14)?
8
Let p(k) = -16 - 4 - 2*k**3 - 4*k**2 + 32 + 7 - 5*k - 13*k**2. Let r be -3*3*(2 + -1). What is the units digit of p(r)?
5
Let j = -66 + 72. Suppose -j*x = 2*x. Suppose 1 = o, -5*o = 4*f - x*o - 41. What is the units digit of f?
9
Suppose -6*q + 8*q - 1553 = -b, 0 = -q + 4*b + 763. Let r = -340 + q. What is the tens digit of r?
3
Suppose 9*l - 43263 = -819. Suppose -4*c + l = -2*o, 2*c + 2*o - 1053 - 1311 = 0. What is the tens digit of c?
8
Suppose 3*a - a - 12212 = 2*f, 5*a + 5*f - 30580 = 0. Suppose 22*g - 5087 - a = 0. What is the hundreds digit of g?
5
What is the ten thousands digit of 12/(-2) + 18711 - (8 + -8 + 3)?
1
Let m = 42560 - 24864. What is the thousands digit of m?
7
Let v = 11433 - 4005. What is the units digit of v?
8
Let h be ((-2)/(-4))/(15/122820). Suppose 5*j + 203 - 3470 = -4*r, -4*j - h = -5*r. Suppose -5*o - 58 = -r. What is the hundreds digit of o?
1
Let l(o) = -33*o + 4886. What is the hundreds digit of l(56)?
0
Let z(x) be the second derivative of x**4/24 + 14*x**3/3 + 17*x**2/2 - 23*x. Let y(s) be the first derivative of z(s). What is the units digit of y(6)?
4
Let y be ((-64)/20)/(6/(-15)). Let m be y/(27/21 - 1). Suppose 2*r = 90 - m. What is the tens digit of r?
3
Suppose m + 43755 = 2*f, 5*f + 3*m - 40487 = 68917. What is the thousands digit of f?
1
Let k(a) be the second derivative of a**5/30 + 3*a**4/8 + 5*a**3/2 - 5*a**2 + 15*a. Let s(b) be the first derivative of k(b). What is the tens digit of s(-7)?
5
Suppose 2*n - 4*h = 4*n, -3 = 2*n + 3*h. Let u = n + 8. Suppose -u*x + 102 = 18. What is the tens digit of x?
4
What is the tens digit of -183279*((-825)/660 - (-11)/12)?
9
Suppose -3*i - 44027 = -2*m, 6*i = -3*m + 8*i + 66053. What is the units digit of m?
1
Suppose -5*p + 4*j = -1 + 41, 7 = 2*p + 3*j. Let v = p + 10. Suppose 0 = 9*g - v*g - 111. What is the units digit of g?
7
Suppose 1365*g = 3*h + 1362*g - 20142, 0 = 5*h - 4*g - 33573. What is the hundreds digit of h?
7
Suppose -k + 5*l - 13 = 3*k, 5*l - 31 = -2*k. What is the units digit of (-3)/k*4466/(-7)?
8
Suppose 3*u + 6 = 2*u. Let q(j) be the first derivative of 2*j**3/3 + j**2 - 4*j - 23. What is the tens digit of q(u)?
5
Let s(d) = -15034*d**3 - 13*d - 13. What is the thousands digit of s(-1)?
5
Let l be 675 - ((8 - 0/1) + -4). Let b = -109 + l. What is the hundreds digit of b?
5
Suppose o = -0*o + 25. Suppose -3*s - 2*s = -5*y - 140, 0 = -s - 2*y + o. Suppose c + s = 74. What is the units digit of c?
7
Let b(z) = z**3 - z**2 - 2*z + 12. Let y(f) = 6*f + 6 + 5 + f**3 - 2*f**2 - 7*f + 0*f. Let c(x) = -5*b(x) + 6*y(x). What is the units digit of c(7)?
4
Suppose -2*u = -2*x + 6, x - 1 = 4*u + 2. Suppose -9*d + 5 + 22 = u. Suppose -3*c + 2*i + 0*i = -431, 0 = -d*i + 6. What is the units digit of c?
5
Suppose -24*f - 66407 = -42*f + 88555. What is the thousands digit of f?
8
Let n(a) = -4*a - 12. Let c(w) = -1. Let t(g) = 12*c(g) - 2*n(g). Suppose -2002*q + 11 = -2001*q. What is the hundreds digit of t(q)?
1
Let d = 1155 + 27. Let f = -653 + d. What is the hundreds digit of f?
5
Suppose 78*s - 4097 - 235207 = 70*s. What is the tens digit of s?
1
Let p(d) = -5544*d - 379. What is the hundreds digit of p(-1)?
1
Let t = 430 - 412. Suppose t*d = 11*d + 147. What is the units digit of d?
1
Let w(g) = -12*g - 6. Let p(h) = 2*h - 12. Let f be p(6). Suppose -t = -4*u + 4*t - 30, f = 2*u + 3*t + 4. What is the units digit of w(u)?
4
Suppose d - 3 = 0, -1526 = -5*c + 16*d - 13*d. Suppose 1259 = 6*v - c. What is the units digit of v?
1
Let n be (-7 + -2 + 7)*(-2)/(-2). What is the tens digit of (2 - -1)/(n*(-2)/284)?
1
Let h = -47197 + 96220. What is the units digit of h?
3
What is the thousands digit of (55 + -49)*996/4?
1
Suppose 3*s + 17306 = 15*l - 11*l, 21629 = 5*l - 2*s. What is the thousands digit of l?
4
Let m = 30866 + -21636. What is the hundreds digit of m?
2
Suppose -b - 5 = 0, 20*t + 160 = 25*t - 2*b. What is the tens digit of t?
3
Suppose -6*t = -2*t + z - 1883, 0 = -z - 1. Let o = -91 + t. What is the hundreds digit of o?
3
Let d(p) = -6 - 7 - 4*p - 17*p + 40*p - 6*p. Let b be (-2)/(-3) + 20/6. What is the units digit of d(b)?
9
Let y(s) = -4916*s + 6835. What is the units digit of y(-4)?
9
Let s(n) = 32*n**2 - 63*n + 1229. What is the thousands digit of s(26)?
1
Let r = -229 + 399. Let c = 380 - r. What is the tens digit of c?
1
Let q(y) = -416*y**3 + 6*y**2 + y - 1. Let n(i) = i**3 + 2*i**2 - 13*i + 9. Let h be n(-5). What is the tens digit of q(h)?
2
Let y(p) be the second derivative of 9*p**3/2 + 107*p**2/2 + 2*p - 22. What is the hundreds digit of y(7)?
2
Suppose 6*h - 7065 = 21*h. What is the tens digit of (-10)/55 - (-84)/(-22) - h?
6
Suppose 5*u - 2*b - 138550 = -3*b, 4*u = -4*b + 110856. What is the hundreds digit of u?
7
Suppose 0 = 4*y - 5*v + 35, -22*y = -23*y + v - 9. What is the hundreds digit of (7 + 205/y)*-50?
6
Let o(m) = -m**3 - m**2 - 6*m - 4. Let c be o(-2). Suppose -10*l - c = -16*l. Let i(n) = 4*n**2 - 3*n + 3. What is the units digit of i(l)?
3
Suppose 6*s - 8*s = 5*u + 6, -2*s + 2*u = -8. Let k be (-1)/s*-3 - (-295)/2. Let r = -98 + k. What is the tens digit of r?
5
Let v(c) = -14*c - 5. Let g be v(4). Let u(o) = 111*o - 461. Let